 of g(-6)?
1487
Suppose -i - 42 = -4*i. Let z(n) = 6 + i*n - 3 + 0 + 2. What are the prime factors of z(4)?
61
Let k = -6 - -12. Let n = -1 + k. Suppose -d + 4*f - 41 = -2*d, -44 = -d - n*f. List the prime factors of d.
29
Let c(j) = -123*j + 171. List the prime factors of c(-5).
2, 3, 131
Suppose -2778 = -5*p + 1212. What are the prime factors of p?
2, 3, 7, 19
Suppose 5*c + 5*w + 25 = 0, -2*c - 3*w - 23 = 3*c. Let r(q) = -q**2 - 5*q - 2. Let y be r(c). Suppose 11 = n + y. List the prime factors of n.
3
Suppose p = 2 - 3. List the prime factors of 57/(p*12/(-8)).
2, 19
Suppose -4*k + 8*k = 0. Suppose 4*w - 14 + 2 = k. Suppose -w*j + 62 = -31. What are the prime factors of j?
31
Let a = 323 - 161. What are the prime factors of a?
2, 3
Let p(l) = -l**3 + 8*l**2 + 10*l - 9. Let k be p(9). Suppose k = -0*g - 4*g + 20. List the prime factors of g.
5
Suppose -h - 2*h = -5*j - 394, h - 2*j - 130 = 0. What are the prime factors of (h/(-8))/((-4)/16)?
3, 23
What are the prime factors of 72360/110 + 4/22?
2, 7, 47
List the prime factors of -5*-3*(-3642)/(-90).
607
Suppose 0 = 4*z - 4*w - 14164, -2*w - 1414 - 2125 = -z. What are the prime factors of z?
3, 1181
Let j(h) = -h + 14. Let g be j(11). Suppose 73 + 35 = g*m. Suppose 2*u - m + 0 = 0. What are the prime factors of u?
2, 3
Let z(l) = 3*l**2 + 11*l + 4. Let p be z(-4). What are the prime factors of (11 - 0) + (12 - p)?
3, 5
What are the prime factors of 11/((-726)/(-18006)) - 4/(-22)?
3, 7, 13
Let b be 2/8 + (-189)/(-28). Let n = b + -10. Let i(f) = -7*f + 1. List the prime factors of i(n).
2, 11
Suppose -9 = -4*f + f, -4*n - f = -23. Suppose 2*u - 6*u - 12 = -4*d, -n*u - 2*d - 8 = 0. What are the prime factors of (-3)/(((-15)/u)/(-5))?
2
Suppose 288 + 7841 = 11*t. What are the prime factors of t?
739
Let m be 18/8 + (-11)/44. Suppose 1 - 19 = -m*a. What are the prime factors of a?
3
Let q be 18*6*(2/(-8) + 3). Suppose 7 - 3 = -4*a, -q = -5*u + 2*a. List the prime factors of u.
59
Let k(i) = 44*i**2 - 47. What are the prime factors of k(-5)?
3, 13
Let y = 275 + -257. What are the prime factors of y?
2, 3
Let o = -957 + 1499. What are the prime factors of o?
2, 271
List the prime factors of 2788/(-102)*-57*1.
2, 19, 41
What are the prime factors of -4*((-2)/(-8) - (-228)/(-16))?
2, 7
Suppose -3 = 4*s + 37. Let g = s - -14. What are the prime factors of ((-110)/3)/(g/(-6))?
5, 11
Let r be 2 - -2 - (-6 - -6). Let w be (r + -1)/(3/78). Suppose 0*j = -3*j + w. List the prime factors of j.
2, 13
Suppose -4 = -d, -5*o + 2*d - 116 = -433. What are the prime factors of o?
5, 13
Let q = 332 - -278. Suppose -6*t = -t - q. List the prime factors of t.
2, 61
Let r be 13/3 + 24/36. Let v = 5 + r. Suppose -28 = -2*o - v. List the prime factors of o.
3
Let z(b) = b + 16. Let k be z(-12). Suppose -21 = g - 5*m, -g = 7*m - 2*m + 1. What are the prime factors of 0/g + 0 + k?
2
What are the prime factors of 14*8/28 - -2258?
2, 3, 13, 29
Suppose 3*x = b + 8, -x + 0*x + 2*b = -1. Suppose -48 = -x*o + 18. What are the prime factors of o?
2, 11
Suppose 4*f = 4098 + 442. Suppose v - 3*n = 2*v - 237, 5*v + 5*n - f = 0. List the prime factors of v.
2, 3, 37
Let z(w) = w. Let o(s) = -7*s**2 - 19*s - 2. Let k(n) = -o(n) + 3*z(n). List the prime factors of k(-7).
191
Let g(d) = 10*d**2 - 2*d + 11. List the prime factors of g(6).
359
Suppose -7*r = -1760 + 38. What are the prime factors of r?
2, 3, 41
Let i = -176 + 952. List the prime factors of i.
2, 97
Suppose 2*d = -n + 1353, -9*n + 3377 = 5*d - 12*n. List the prime factors of d.
2, 13
Let b(g) = 3*g**2 - g - 1. Let h be 3 + (-12)/9*3. Let d be b(h). Suppose d*s - 2*n + 3*n = 17, 5*s - 25 = -n. What are the prime factors of s?
2
Let d be (-7)/5 - (91/35 + -3). What are the prime factors of (162/(-36))/(d/2)?
3
Let v(h) = 3*h**3 - 3*h**2 + h. Let x be v(2). Let y = -12 + x. Suppose a - 117 = -y*a. List the prime factors of a.
3, 13
Let a(m) = m**2 + 11*m. Let d be ((-4)/6)/(-2)*-111. Let k = 25 + d. What are the prime factors of a(k)?
2, 3
Let g(w) = w**2 - 6*w - 4. Let s be g(9). Let h = s - -94. List the prime factors of (-6 + 1)*h/(-45).
13
Let b(n) = -n**3 + n**2 + n + 2. Let k be b(0). Let q be (1/k)/((-1)/(-6)). Suppose q*t - 15 = 2*t. List the prime factors of t.
3, 5
Let h be ((-7)/(-14))/(3/1956). Let s = h + -121. List the prime factors of s.
5, 41
List the prime factors of 2/(22/399069*9).
29, 139
Suppose a - 7 = 14. Let o(t) = -t**3 + 10*t**2 - 9*t + 6. Let l be o(9). Suppose l*y - a = 3*y. What are the prime factors of y?
7
Let t be ((-154)/35)/(4/(-10)). Suppose t*q - 158 = 9*q. Let w = q + -34. List the prime factors of w.
3, 5
Suppose 15*i + 4726 = 20*i - 2*a, -2*a = 3*i - 2826. List the prime factors of i.
2, 59
Suppose 750 = 17*p + 2. What are the prime factors of p?
2, 11
Let d(p) = p**3 - 11*p**2 + 20*p + 8. Let k be (8 - -1 - -1) + 5 + -5. What are the prime factors of d(k)?
2, 3
Let b(x) be the first derivative of 3*x**4/4 - 5*x**3/3 + 3*x**2/2 - 2*x + 11. List the prime factors of b(3).
43
Suppose -5*q - 226 = 69. Let h = q + 92. Suppose 0 = 3*b - h - 60. List the prime factors of b.
31
Let n be (-430)/(-14) - 8/(-28). Suppose 20*q - 9*q = 583. Let g = q - n. What are the prime factors of g?
2, 11
Let x be 27/2*(-6 + 22). Suppose -5*l - 4*k - 186 = 0, 5*k = 4*l + x - 59. Let c = -11 - l. What are the prime factors of c?
3
Suppose 5*b - 6569 = 3*v - 2086, -b - 5*v = -891. What are the prime factors of b?
2, 7
Let q = -27 + 28. List the prime factors of q*(25 + (-1 - -2)).
2, 13
Let g(x) = x**3 + 7*x**2 + 6*x + 4. Let m(b) = -4*b + 10. Let u be m(4). Let a be g(u). List the prime factors of (-408)/(-42) - a/(-14).
2, 5
Suppose 2*d + 3*w = d - 3, -3*d + 7 = w. What are the prime factors of (-122)/d*((-18)/(-12))/(-1)?
61
Suppose 0 = -4*x + 32 - 4. Suppose 5 + x = 6*n. What are the prime factors of 25/(-10)*-5*n?
5
Let s(o) = 51*o**2 - 11*o - 20. What are the prime factors of s(6)?
2, 5, 7
Suppose -10*p + 16 = -4. Suppose -2*b = -p*h - 164, -b + 87 = h + 3*h. List the prime factors of b.
83
Let l(p) = 7*p**2 + 2*p + 27. List the prime factors of l(-7).
2, 89
Let g = -12 + 14. Suppose 3*u = -3*j + 15, 0*j + g*j - 10 = -3*u. Suppose 2*d - 7 - 3 = -q, -j*q = 3*d - 64. List the prime factors of q.
2, 7
Suppose -5*p + 2*k + 822 = -k, -160 = -p + 5*k. What are the prime factors of p?
3, 5, 11
What are the prime factors of ((-352)/440)/(-1 - (-3306)/3310)?
2, 331
List the prime factors of ((-1)/((-5)/(-205)))/(3/(-51)).
17, 41
Suppose -6*g + 17*g = 55. Suppose 0 = 3*p - 9, -534 = -g*j + 2*j + 2*p. List the prime factors of j.
2, 3, 5
Let t(l) = 3*l + 4. Let v(y) = -y**2 - 13*y - 17. Let n be v(-12). Let j be t(n). Let o = j + 46. What are the prime factors of o?
5, 7
Suppose -4*s + 9*s - 20 = 0. Suppose -2*u + 5*p + 143 = 2*p, -s*p = u - 44. What are the prime factors of u?
2
Let t(f) = -71*f**3 - 2*f - 1. Let p be t(-1). Suppose -5*r + p = -148. Suppose 3*a + a = r. List the prime factors of a.
11
List the prime factors of -1 + 180 + -34 + 31.
2, 11
Suppose 0 = a + 3*r - 7, 0*a - 2*a + 5*r + 25 = 0. Suppose -2*l - 38 - a = -c, 5*c - 5*l = 230. Suppose 5*p - c = p. What are the prime factors of p?
11
Suppose 0 = 3*o + 4 + 2. Let q be (-12)/o*6/4. Suppose -33 = -3*m + q. List the prime factors of m.
2, 7
Let v(p) = 57*p**2 - p + 1. Let o be v(1). Suppose 0 = 2*f - 305 + o. List the prime factors of f.
2, 31
Suppose 0*s = -s. Suppose -5*l + 2*l + 54 = s. Suppose 10*y - l = 4*y. List the prime factors of y.
3
Suppose 3*p - 94 = 4*f, 5*p - 4*f - 172 + 26 = 0. Let c(b) = b**3 - 25*b**2 - 17*b - 16. List the prime factors of c(p).
2, 109
Let s be 22/77 - (-66)/14. Suppose z + 15 = -3*t, -2*z - s = 4*t + 23. Let m = 34 + z. List the prime factors of m.
2, 11
Let g(y) = -31*y - 29*y + 12 + 8 + 81*y. List the prime factors of g(6).
2, 73
Let d(b) = 77*b**3 - 3*b**2 + 4*b + 6. List the prime factors of d(2).
2, 3, 103
Let t(i) be the third derivative of i**5/60 - i**4/12 + 5*i**3/3 + 18*i**2. What are the prime factors of t(6)?
2, 17
Let j(s) = s**2 + s - 1. Let y(i) = -10*i + 12. Let w(a) = j(a) - y(a). Let k be w(-15). Let p = 75 - k. What are the prime factors of p?
2, 7
Let m = 1730 - 979. What are the prime factors of m?
751
Suppose -4*h + 1756 = -4*w, 4*w - 451 